ide 756815?
False
Is 19 a factor of 561869?
False
Is 5710110 a multiple of 70?
True
Is 32 a factor of 73846?
False
Is 3595452 a multiple of 45?
False
Does 404 divide 732671?
False
Is 16660 a multiple of 20?
True
Is 80 a factor of 5293804?
False
Is 5 a factor of 81150?
True
Is 671504 a multiple of 22?
False
Is 495690 a multiple of 5?
True
Is 919 a factor of 988844?
True
Does 28 divide 179479?
False
Does 94 divide 41830?
True
Is 870 a factor of 12932787?
False
Is 4129389 a multiple of 2?
False
Is 87516 a multiple of 99?
True
Is 337890 a multiple of 22?
False
Does 90 divide 41580?
True
Is 20 a factor of 27880?
True
Does 14 divide 29643992?
True
Does 61 divide 447581?
False
Is 80 a factor of 2670526?
False
Is 4032630 a multiple of 445?
False
Is 59 a factor of 767086?
False
Is 561 a factor of 1561880?
False
Does 64 divide 24132190?
False
Does 11 divide 8054871?
True
Is 83 a factor of 148984?
False
Is 2180412 a multiple of 36?
True
Is 8 a factor of 12539?
False
Is 50 a factor of 535200?
True
Is 1885295 a multiple of 664?
False
Is 5 a factor of 94950?
True
Is 4027141 a multiple of 33?
False
Does 24 divide 1228080?
True
Is 8 a factor of 602454?
False
Does 47 divide 1776972?
False
Does 596 divide 312718?
False
Does 54 divide 414004?
False
Does 11 divide 1573?
True
Is 50298 a multiple of 6?
True
Does 11 divide 65703?
True
Does 1380 divide 6388020?
True
Does 14 divide 1690516?
False
Is 165822 a multiple of 19?
False
Is 14 a factor of 2629899?
False
Is 83 a factor of 924703?
True
Is 54 a factor of 1043388?
True
Does 325 divide 182975?
True
Does 112 divide 1571667?
False
Does 126 divide 247349?
False
Does 10 divide 2377209?
False
Does 88 divide 1476814?
False
Is 437072 a multiple of 19?
False
Is 5 a factor of 226975?
True
Does 7 divide 1114321?
False
Is 491969 a multiple of 8?
False
Is 10 a factor of 80868?
False
Does 924 divide 1944096?
True
Does 15 divide 634801?
False
Is 53 a factor of 3554922?
True
Is 143 a factor of 407274?
False
Is 2760 a multiple of 6?
True
Is 122 a factor of 117608?
True
Does 12 divide 7584660?
True
Is 155 a factor of 1295366?
False
Is 169 a factor of 52221?
True
Does 27 divide 754812?
True
Is 742478 a multiple of 396?
False
Does 433 divide 29877?
True
Is 703304 a multiple of 938?
False
Is 248 a factor of 407960?
True
Does 450 divide 2053800?
True
Does 2 divide 127965?
False
Is 12 a factor of 587076?
True
Does 2 divide 4988?
True
Is 22 a factor of 219868?
True
Does 583 divide 1516811?
False
Is 289137 even?
False
Is 213 a factor of 2094880?
False
Is 11 a factor of 454949?
True
Is 486570 a multiple of 37?
False
Is 2440360 a multiple of 104?
True
Is 11985 a multiple of 47?
True
Is 223016 a multiple of 122?
True
Does 271 divide 2602413?
True
Is 82049 a multiple of 126?
False
Does 10 divide 11230?
True
Is 75 a factor of 1643325?
True
Is 295 a factor of 86730?
True
Is 392 a factor of 6551888?
True
Does 12 divide 40476?
True
Is 710 a factor of 3459120?
True
Is 489738 a multiple of 31?
True
Does 20 divide 335360?
True
Is 17 a factor of 37637915?
True
Does 130 divide 4401930?
True
Is 28 a factor of 33740?
True
Is 3330974 a multiple of 12?
False
Does 305 divide 21350?
True
Does 15 divide 1551?
False
Is 138 a factor of 449880?
True
Is 160105 a multiple of 5?
True
Is 1046188 a multiple of 1364?
True
Does 60 divide 1245804?
False
Is 6 a factor of 8757?
False
Is 144873 a multiple of 5?
False
Is 17 a factor of 17965651?
True
Is 270353 a multiple of 28?
False
Is 9 a factor of 864847?
False
Is 1241570 a multiple of 92?
False
Is 6947046 a multiple of 703?
True
Is 114753 a multiple of 9?
False
Is 179843 a multiple of 15?
False
Is 218 a factor of 195549?
False
Is 6 a factor of 2229?
False
Is 10 a factor of 15030?
True
Is 470287 a multiple of 72?
False
Does 106 divide 36994?
True
Is 359 a factor of 915536?
False
Is 938350 a multiple of 311?
False
Is 3876601 a multiple of 11?
False
Is 78 a factor of 5130318?
False
Is 92 a factor of 136252?
True
Is 57 a factor of 64961?
False
Does 30 divide 19718?
False
Is 15437 a multiple of 43?
True
Is 25 a factor of 70689?
False
Does 87 divide 210679?
False
Is 12 a factor of 120144?
True
Is 11 a factor of 2420?
True
Does 645 divide 471973?
False
Is 175398 a multiple of 69?
True
Is 10287303 a multiple of 741?
True
Is 67 a factor of 416364?
False
Does 132 divide 240636?
True
Is 937938 a multiple of 174?
False
Is 12 a factor of 2052288?
True
Is 74 a factor of 61938?
True
Does 79 divide 6179617?
True
Is 3104179 a multiple of 264?
False
Does 167 divide 10029802?
False
Does 691 divide 1404803?
True
Is 122822 a multiple of 217?
True
Is 7211034 a multiple of 47?
False
Is 188843 a multiple of 44?
False
Is 8468 a multiple of 146?
True
Is 29 a factor of 600953?
False
Does 47 divide 1774872?
False
Does 1055 divide 1489052?
False
Is 591739 a multiple of 19?
False
Is 610480 a multiple of 80?
True
Does 547 divide 1004434?
False
Does 309 divide 3784527?
False
Is 114 a factor of 5891080?
False
Does 116 divide 82012?
True
Is 1036105 a multiple of 448?
False
Is 2558556 a multiple of 22?
True
Does 226 divide 49318?
False
Is 59 a factor of 21299?
True
Is 22 a factor of 79244?
True
Is 48645 a multiple of 43?
False
Is 28 a factor of 68520?
False
Does 48 divide 228178?
False
Is 746 a factor of 1870535?
False
Does 113 divide 76953?
True
Does 41 divide 23042?
True
Is 479258 a multiple of 309?
False
Is 907379 a multiple of 52?
False
Does 4 divide 146442?
False
Is 4 a factor of 690160?
True
Is 62 a factor of 466984?
True
Is 59 a factor of 3358194?
False
Does 25 divide 1504968?
False
Does 805 divide 259210?
True
Is 8 a factor of 2033908?
False
Does 4 divide 757120?
True
Does 357 divide 80325?
True
Is 1397649 a multiple of 95?
False
Is 245 a factor of 11268116?
False
Is 18 a factor of 153141?
False
Does 27 divide 954261?
True
Does 17 divide 191541?
False
Is 1521 a factor of 10701743?
False
Is 19180 a multiple of 137?
True
Is 389 a factor of 166426?
False
Is 13 a factor of 787995?
True
Is 230 a factor of 881360?
True
Does 17 divide 350302?
True
Is 2100576 a multiple of 16?
True
Is 51975 a multiple of 55?
True
Is 149 a factor of 325861?
False
Is 570581 a multiple of 14?
False
Is 270669 a multiple of 21?
True
Is 416934 a multiple of 18?
True
Is 50 a factor of 11270350?
True
Is 3 a factor of 53453?
False
Is 17262 a multiple of 21?
True
Does 8 divide 2128?
True
Is 9 a factor of 256924?
False
Is 3469148 a multiple of 1108?
True
Is 209028 a multiple of 218?
False
Is 100 a factor of 30000?
True
Does 33 divide 136356?
True
Is 4059972 a multiple of 906?
False
Does 5 divide 759210?
True
Is 193 a factor of 6565088?
True
Is 41711 a multiple of 434?
False
Is 166 a factor of 722104?
False
Is 323 a factor of 4807209?
True
Is 3042666 a multiple of 99?
True
Does 23 divide 171916?
False
Does 176 divide 1706320?
True
Does 83 divide 807366?
False
Is 582806 a multiple of 38?
True
Does 8 divide 1018728?
True
Is 21 a factor of 9474577?
False
Is 62 a factor of 3950950?
True
Does 239 divide 5282015?
False
Does 33 divide 6912147?
True
Is 487 a factor of 551698?
False
Is 6 a factor of 26965?
False
Is 125 a factor of 281586?
False
Is 449257 a multiple of 35?
False
Is 37752 a multiple of 44?
True
Is 197994 even?
True
Is 58 a factor of 14326?
True
Does 8 divide 101672?
True
Is 134164 a multiple of 17?
True
Does 5 divide 783498?
False
Does 220 divide 937200?
True
Does 43 divide 33116?
False
Is 390210 a multiple of 30?
True
Is 8451307 a multiple of 1589?
False
Is 268572 a multiple of 70?
False
Is 2073390 a multiple of 61?
True
Is 4 a factor of 102834?
False
Is 1018905 a multiple of 67?
False
Is 15 a factor of 1826685?
True
Is 243 a factor of 9389520?
True
Is 4 a factor of 37423?
False
Is 146753 a multiple of 101?
True
Does 70 divide 280770?
True
Is 792135 a multiple of 261?
True
Is 99 a factor of 24651?
True
Is 18062 a multiple of 11?
True
Is 9 a factor of 606696?
False
Does 25 divide 5379465?
False
Is 2017415 a multiple of 153?
False
Does 3 divide 42516?
True
Is 68 a factor of 2720272?
True
Is 4 a factor of 1613932?
True
Is 492979 a multiple of 10?
False
Is 188 a factor of 63477?
False
Does 2 divide 1306053?
False
Does 50 divide 309338?
False
Is 18606478 a multiple of 14?
False
Is 29 a factor of 2785441?
False
Does 132 divide 20477?
False
Does 17 divide 2141303?
True
Does 1